231a4a
In base 14, what is 40 - -124328d?
12432cd
In base 12, what is 81 + 53345?
53406
In base 3, what is 10212001022221 + 202?
10212001100200
In base 3, what is 122011211201012201 - 12?
122011211201012112
In base 6, what is -41023 + 254501?
213434
In base 14, what is 982 + 5dd1?
6973
In base 8, what is -65 - 77044?
-77131
In base 5, what is 140111 - -2202?
142313
In base 2, what is 1100010010110000 - 111100?
1100010001110100
In base 14, what is a34 - -a9?
add
In base 7, what is -2004 + 25563?
23556
In base 11, what is 1783178 + 3?
1783180
In base 5, what is -21242103 - -1?
-21242102
In base 5, what is -402411 - 1024003?
-1431414
In base 13, what is -3b + 61929?
618bb
In base 5, what is -10 - -34401312420?
34401312410
In base 4, what is -32020203111 - 11?
-32020203122
In base 10, what is -36827362 + -1?
-36827363
In base 16, what is -69a + -370b?
-3da5
In base 4, what is -13133130332 - -121?
-13133130211
In base 7, what is 156 - -30155516?
30156005
In base 6, what is -2014 - -3234412?
3232354
In base 6, what is 1 + 551135231?
551135232
In base 10, what is 312 + 265829?
266141
In base 13, what is 2c12c + 17?
2c146
In base 6, what is 1413241 + 1145?
1414430
In base 3, what is -100210022 - -1120202?
-22012120
In base 12, what is 39883 + 129?
399b0
In base 16, what is -31 - -47aa1?
47a70
In base 9, what is -13772 - 2781?
-16663
In base 2, what is 1010000001111000 + 101011011110000?
1111011101101000
In base 7, what is 15 - 11233060?
-11233042
In base 14, what is -1794 + -302a3?
-31a57
In base 14, what is 6bc6d + -494?
6b7b9
In base 6, what is -250 - -55323040?
55322350
In base 3, what is -10 + -12220120110022122?
-12220120110022202
In base 9, what is -247061 - -2?
-247058
In base 3, what is -1000201110010022 - -11?
-1000201110010011
In base 8, what is -5221320 - 11?
-5221331
In base 8, what is 143376543 - 54?
143376467
In base 4, what is -20 - -12213230?
12213210
In base 6, what is -1040130445502 - 1?
-1040130445503
In base 5, what is 123 - -2140212122?
2140212300
In base 3, what is 212 - -11101210110?
11101211022
In base 6, what is 30045130 - 2114?
30043012
In base 3, what is -2001021111 + -111200?
-2001210011
In base 15, what is 14 - 10ad2c3?
-10ad2ae
In base 9, what is -488 - -7636?
7137
In base 13, what is -225ba3 - 4?
-225ba7
In base 12, what is 8488 + -82?
8406
In base 14, what is 366a2b - -5b?
366a88
In base 16, what is -15348 + 34?
-15314
In base 10, what is 3593890 + 11?
3593901
In base 3, what is -211112012100112 + -11?
-211112012100200
In base 7, what is 3120 - -60355?
63505
In base 9, what is 3 - -414465773?
414465776
In base 9, what is 8450153 - -8?
8450162
In base 15, what is -30a1 - 85a5?
-b656
In base 12, what is -1a8 + -195a52?
-19603a
In base 16, what is c086b - -4?
c086f
In base 8, what is 0 - 30070537?
-30070537
In base 16, what is 1e6d681 + -7?
1e6d67a
In base 2, what is 101100001000100 - -10011011001111?
111111100010011
In base 12, what is -1136 - 9b436?
-a0570
In base 6, what is -13 + -34515150?
-34515203
In base 6, what is 23000025 + 2?
23000031
In base 9, what is -32250 - 82?
-32342
In base 8, what is 211567 - -16770?
230557
In base 16, what is 439 - 27dc0?
-27987
In base 3, what is -1212002200221 + 202021?
-1212001221200
In base 11, what is 126a60 + -1785?
125286
In base 6, what is 3350214 + 2?
3350220
In base 6, what is 305 - -1550114?
1550423
In base 15, what is -29203 + 19e?
-29054
In base 3, what is -1 + 1210111202001211?
1210111202001210
In base 15, what is 922807 + -d?
9227e9
In base 7, what is 121010 - -5112?
126122
In base 12, what is -2 - 79a8a5a?
-79a8a60
In base 10, what is 5 + -318823?
-318818
In base 11, what is -1 + -9434790?
-9434791
In base 8, what is 255251 + -177?
255052
In base 5, what is -100 + 1410121412?
1410121312
In base 2, what is 10101001101110101100001011 + 10?
10101001101110101100001101
In base 14, what is -8309b + -55?
-83112
In base 2, what is -101 + -1001011100000110000111000?
-1001011100000110000111101
In base 15, what is -14e478a - 2?
-14e478c
In base 7, what is -205463 + 2122?
-203341
In base 13, what is -380 - -12118a?
120b0a
In base 13, what is 41695c9 + -2?
41695c7
In base 4, what is -322300 + -11012233?
-12001133
In base 14, what is -6ab5 - -1657d?
d8a8
In base 9, what is 14 + 44504045?
44504060
In base 15, what is -5d73b0 + -4?
-5d73b4
In base 10, what is -15260911 + -8?
-15260919
In base 2, what is 10011 + -10100001111100101010?
-10100001111100010111
In base 8, what is 1243414 + 1232?
1244646
In base 2, what is -1100110000001 + 1111101110100?
10111110011
In base 14, what is -a - 16b0b?
-16b17
In base 13, what is 91c9 - 1412?
7ab7
In base 7, what is 2 - 1013503342?
-1013503340
In base 7, what is 11 - 51523531?
-51523520
In base 4, what is 2110131021021 - 10?
2110131021011
In base 14, what is -b6da3b + -a?
-b6da47
In base 8, what is 2400167 - -5?
2400174
In base 3, what is -2112 + 121110122120?
121110120001
In base 12, what is 7371599 - 10?
7371589
In base 15, what is 2267 + 5794?
7a0b
In base 3, what is 2022202022 + -2202?
2022122120
In base 4, what is -1 + 111033103123?
111033103122
In base 11, what is -3 - -229a16?
229a13
In base 11, what is 4 + 946132?
946136
In base 6, what is 23254 + -24144?
-450
In base 8, what is 100055662 + 21?
100055703
In base 11, what is 15 + -13095a37?
-13095a22
In base 2, what is 1010011111000001 + -1001?
1010011110111000
In base 11, what is -22570 - 16477?
-38a37
In base 4, what is 201232101013 - 1?
201232101012
In base 4, what is -120320333033 + 23?
-120320333010
In base 2, what is 101 + -1011011111010000001000010100?
-1011011111010000001000001111
In base 3, what is 210201212102 + -12121?
210201122211
In base 8, what is -11037566 - -25?
-11037541
In base 10, what is -17923600 - -1?
-17923599
In base 11, what is -5 + 2313a550?
2313a546
In base 10, what is -70413701 + 0?
-70413701
In base 3, what is 111221101211211101 - 1?
111221101211211100
In base 11, what is 4 + -16106a7?
-16106a3
In base 5, what is 2022220410 - -424?
2022221334
In base 16, what is 55f80f - -7?
55f816
In base 12, what is -6975b + -ba0?
-6a73b
In base 8, what is 5 + 15157163?
15157170
In base 7, what is -5 - 3015550641?
-3015550646
In base 8, what is 6553665 - -1320?
6555205
In base 7, what is -16614 - 1005232?
-1025146
In base 12, what is 11a57863 - -1?
11a57864
In base 8, what is -11401 - -2722?
-6457
In base 9, what is -2 + -103168646?
-103168648
In base 3, what is 1021012022 - -21210022?
1112222121
In base 4, what is 3233 + -20011331?
-20002032
In base 7, what is 200 + -1022213?
-1022013
In base 14, what is 2a580 - 1b3?
2a3ab
In base 3, what is -10 - -22121010022210120?
22121010022210110
In base 4, what is 1213131222120 + 1?
1213131222121
In base 3, what is 2121200022012100 - 10?
2121200022012020
In base 12, what is 11128 + 580a?
16936
In base 15, what is -21c - -3e44?
3c27
In base 7, what is 1 + 6546254252?
6546254253
In base 2, what is -1010111100011110000000 + 101?
-1010111100011101111011
In base 5, what is -1434421 - 1410?
-1441331
In base 15, what is -c + -edc61?
-edc6d
In base 10, what is -423 - -3814?
3391
In base 4, what is 1203000000 - -133?
1203000133
In base 9, what is -47385 - -547?
-46737
In base 12, what is 4a + 12277?
12305
In base 10, what is 7463 + -6796?
667
In base 9, what is 20753323 - 8?
20753314
In base 7, what is 1404 - -102146?
103553
In base 11, what is 42478143 + -5?
42478139
In base 14, what is 9cbb2 + 53?
9cc25
In base 2, what is 1000111111001110101101 + -100100110?
1000111111001010000111
In base 11, what is 5aa64944 - 1?
5aa64943
In base 12, what is -118643 - -1b8?
-118447
In base 5, what is -4343221431 + 32?
-4343221344
In base 8, what is -62711 - 2160?
-65071
In base 16, what is 192 + 66b5?
6847
In base 3, what is -120102112 + -201202?
-121011021
In base 10, what is 1718 - -620?
2338
In base 8, what is 25260417 + 126?
25260545
In base 15, what is -13cc34 + -4b8?
-13d1ec
In base 11, what is 2 + -1a6411a?
-1a64118
In base 9, what is -2 + 45280507?
45280505
In base 10, what is -2408579 - 6?
-2408585
In base 5, what is 402221 - 1414132?
-1011411
In base 9, what is -172640 + -186?
-172836
In base 8, what is 3 - -5707677?
5707702
In base 12, what is -3b4489 + 1a?
-3b446b
In base 13, what is 1c07 + a6465?
a836c
In base 15, what is -ad - -3603d?
35e80
In